tor of 53953 and 163?
163
What is the highest common divisor of 384169 and 23?
23
What is the greatest common factor of 29575 and 245?
35
Calculate the highest common factor of 210 and 294.
42
Calculate the highest common factor of 18387 and 891.
81
Calculate the highest common factor of 168843 and 69.
69
What is the highest common factor of 575 and 56120?
115
What is the greatest common factor of 98304 and 91392?
768
Calculate the highest common divisor of 10482 and 12.
6
What is the highest common divisor of 241800 and 17940?
780
Calculate the greatest common factor of 142436 and 112.
28
Calculate the highest common divisor of 78983 and 133.
19
Calculate the greatest common factor of 63883 and 1655.
331
What is the highest common factor of 412 and 392636?
412
What is the greatest common divisor of 38 and 35359?
19
Calculate the greatest common factor of 21 and 1095801.
21
What is the greatest common factor of 18886 and 189126?
266
What is the greatest common divisor of 108 and 518832?
108
Calculate the highest common divisor of 132005 and 170.
85
Calculate the highest common factor of 165 and 2865.
15
Calculate the highest common factor of 8832 and 10281.
69
What is the greatest common divisor of 295040 and 320?
320
What is the greatest common divisor of 594 and 141534?
54
What is the greatest common divisor of 36335 and 2150?
215
Calculate the greatest common factor of 9425 and 3125.
25
What is the greatest common divisor of 20397 and 273?
39
What is the greatest common divisor of 34 and 938689?
17
What is the greatest common divisor of 195 and 7358?
13
Calculate the greatest common divisor of 18572 and 524.
4
What is the greatest common divisor of 2577 and 6?
3
Calculate the highest common factor of 1256668 and 259.
259
What is the greatest common divisor of 408604 and 98?
14
What is the greatest common factor of 1632 and 44829?
51
What is the highest common divisor of 2 and 626?
2
What is the highest common factor of 239058 and 37962?
1026
Calculate the greatest common divisor of 168 and 12027.
3
What is the highest common divisor of 846 and 1161558?
846
What is the highest common divisor of 8445 and 390?
15
Calculate the highest common factor of 150336 and 435.
87
Calculate the greatest common factor of 24987 and 3.
3
What is the highest common factor of 72702 and 45?
9
What is the greatest common factor of 55814 and 3526?
86
Calculate the highest common divisor of 44 and 1666401.
11
Calculate the highest common factor of 12 and 1993764.
12
Calculate the highest common factor of 55110 and 220.
110
Calculate the greatest common factor of 20 and 198485.
5
Calculate the greatest common factor of 5943 and 1157187.
849
What is the greatest common divisor of 33428 and 1403?
61
Calculate the greatest common divisor of 630 and 678447.
63
What is the greatest common divisor of 38173 and 590?
59
Calculate the highest common factor of 7006 and 22754.
62
What is the greatest common factor of 40 and 18232?
8
What is the highest common divisor of 7 and 3620351?
7
Calculate the greatest common divisor of 4687 and 17767.
109
What is the highest common divisor of 1674 and 50499?
279
What is the highest common factor of 432 and 19836?
36
Calculate the highest common divisor of 26 and 7270900.
26
Calculate the greatest common divisor of 69 and 36731.
23
Calculate the greatest common factor of 576 and 50193.
9
What is the highest common factor of 30 and 70830?
30
Calculate the highest common divisor of 711088 and 784.
784
What is the highest common divisor of 140 and 7680?
20
Calculate the highest common factor of 3220 and 10105970.
1610
Calculate the greatest common divisor of 171375 and 1828.
457
What is the highest common factor of 305 and 30213910?
305
What is the highest common factor of 235630 and 30?
10
Calculate the greatest common factor of 23583 and 21.
21
What is the highest common divisor of 114 and 74974?
38
Calculate the greatest common factor of 847 and 117733.
847
What is the greatest common divisor of 6723 and 30213?
81
What is the highest common factor of 1990 and 92734?
398
Calculate the greatest common factor of 51823 and 145.
29
Calculate the highest common divisor of 356 and 180136.
356
Calculate the highest common divisor of 85323 and 4641.
357
What is the highest common divisor of 2120 and 1595936?
424
Calculate the highest common factor of 797931 and 36.
9
Calculate the greatest common divisor of 1300 and 32750.
50
Calculate the greatest common divisor of 412 and 51706.
206
What is the greatest common factor of 201 and 60?
3
What is the greatest common divisor of 7788 and 331848?
132
What is the greatest common divisor of 6497 and 1095?
73
What is the greatest common factor of 468227 and 559?
43
What is the greatest common divisor of 14 and 14903?
7
What is the highest common divisor of 1518 and 4056?
6
What is the greatest common divisor of 5525 and 107185?
1105
Calculate the greatest common factor of 215446 and 112.
14
Calculate the highest common divisor of 4194 and 606.
6
What is the greatest common divisor of 25448 and 768?
8
Calculate the highest common factor of 1724275 and 525.
175
Calculate the highest common factor of 924742 and 2184.
182
Calculate the highest common divisor of 2880 and 401760.
1440
What is the highest common divisor of 700 and 169820?
140
Calculate the highest common factor of 21573 and 68.
17
What is the greatest common divisor of 21 and 1029756?
21
What is the greatest common divisor of 145 and 24911?
29
What is the highest common divisor of 10043 and 942216?
913
Calculate the greatest common factor of 48 and 40768.
16
What is the greatest common divisor of 131865 and 2?
1
Calculate the greatest common factor of 294 and 20552.
14
Calculate the highest common factor of 200565 and 45.
45
Calculate the greatest common factor of 8 and 10646.
2
Calculate the highest common factor of 342464 and 24.
8
Calculate the greatest common factor of 122 and 185806.
122
Calculate the greatest common divisor of 10012 and 4.
4
Calculate the highest common divisor of 560 and 66920.
280
What is the highest common factor of 9 and 2593?
1
Calculate the highest common divisor of 17486 and 301.
7
Calculate the highest common divisor of 15408 and 936.
72
What is the highest common divisor of 2440 and 102400?
40
What is the greatest common divisor of 20 and 12002240?
20
Calculate the greatest common factor of 3707 and 1020099.
337
What is the greatest common divisor of 154 and 57508?
22
Calculate the greatest common factor of 63 and 27099.
9
Calculate the greatest common divisor of 13955 and 590.
5
Calculate the greatest common factor of 325140 and 130.
10
Calculate the highest common factor of 133 and 2852717.
133
What is the greatest common divisor of 4665 and 210?
15
Calculate the greatest common factor of 464031 and 423.
423
Calculate the highest common divisor of 1590273 and 29.
29
What is the greatest common divisor of 408 and 2802756?
204
Calculate the greatest common factor of 1840 and 400.
80
What is the greatest common factor of 680 and 7660?
20
Calculate the greatest common divisor of 259 and 4263399.
259
What is the greatest common divisor of 702371 and 54612?
1517
Calculate the greatest common factor of 2256876 and 36.
36
Calculate the highest common divisor of 1034 and 5753.
11
What is the highest common factor of 102467 and 171?
19
Calculate the highest common factor of 27881 and 98.
49
Calculate the greatest common divisor of 162430 and 296.
74
What is the highest common divisor of 3762 and 20178?
342
What is the highest common divisor of 189 and 7623?
63
Calculate the greatest common factor of 181750 and 500.
250
Calculate the highest common divisor of 540 and 112500.
180
Calculate the greatest common divisor of 9248 and 216.
8
Calculate the highest common divisor of 1708 and 113204.
28
Calculate the greatest common factor of 44 and 136116.
4
What is the greatest common divisor of 21935 and 3485?
205
Calculate the greatest common factor of 2385 and 60155.
265
Calculate the greatest common factor of 9 and 126288.
9
What is the greatest common factor of 14577 and 688?
43
What is the highest common factor of 52136 and 532?
532
What is the greatest common factor of 132728 and 96?
8
What is the highest common div